 - 2200110?
-2200122
In base 10, what is -13026 + 2?
-13024
In base 5, what is 1 + 3003?
3004
In base 3, what is 0 + -1001?
-1001
In base 8, what is -1 - -406?
405
In base 16, what is 8f6 + 3?
8f9
In base 5, what is -204 - 10?
-214
In base 5, what is 11 + 32?
43
In base 4, what is -11 + 11?
0
In base 12, what is -337 - -3?
-334
In base 5, what is 1124 - 3?
1121
In base 3, what is -202020 - -1?
-202012
In base 6, what is 1 + 1240?
1241
In base 14, what is 0 - 6?
-6
In base 13, what is 75 - 6?
6c
In base 15, what is d78 + 2?
d7a
In base 5, what is -124 - 33?
-212
In base 12, what is 107 - -4?
10b
In base 6, what is 4 + 5400?
5404
In base 3, what is -2 - 122200?
-122202
In base 14, what is -29 + 5?
-24
In base 8, what is 404 + -4?
400
In base 16, what is -3 - -343?
340
In base 6, what is 1402 - 122?
1240
In base 6, what is 23542 - -4?
23550
In base 9, what is -5 + 133?
127
In base 16, what is 6c6f + -1?
6c6e
In base 10, what is -3 - -39?
36
In base 3, what is -12012 - -10?
-12002
In base 4, what is -2102 - 110?
-2212
In base 16, what is 3 - -2d4?
2d7
In base 5, what is 1 - 311?
-310
In base 6, what is 34 + 5?
43
In base 13, what is 21 + c?
30
In base 6, what is -10 - 3355?
-3405
In base 4, what is 3 + 1032?
1101
In base 8, what is -7 + 2210?
2201
In base 2, what is -110110 + 110?
-110000
In base 2, what is -10 + 111110100110?
111110100100
In base 10, what is 6 - 1722?
-1716
In base 12, what is 1433 - -3?
1436
In base 3, what is 1 - 0?
1
In base 2, what is 11 - 1011010111?
-1011010100
In base 4, what is 122120 + 10?
122130
In base 6, what is -1013 - -11?
-1002
In base 12, what is -13 + 11a?
107
In base 9, what is -33 + 28?
-4
In base 14, what is -5 - -24?
1d
In base 13, what is 0 + 194?
194
In base 2, what is -101 - -10011010010?
10011001101
In base 7, what is -4 + -2251?
-2255
In base 12, what is 6 - -9a6?
9b0
In base 9, what is 2 - 325?
-323
In base 8, what is 71 + -3?
66
In base 11, what is 748 + -2?
746
In base 12, what is -2 + -395?
-397
In base 16, what is -2a1 - 4?
-2a5
In base 3, what is 1102200 + 10?
1102210
In base 8, what is 163 - -106?
271
In base 5, what is -3 - 111?
-114
In base 8, what is 10652 + -1?
10651
In base 14, what is 1 - 81?
-80
In base 9, what is -362 - -27?
-334
In base 11, what is 76 - -3?
79
In base 10, what is 338 - -2?
340
In base 10, what is -157 + 4?
-153
In base 13, what is -5 + -1353?
-1358
In base 10, what is 4 + 4007?
4011
In base 5, what is 343 + -24?
314
In base 7, what is -14 - -1625?
1611
In base 13, what is 0 - -6b?
6b
In base 7, what is -252 - 6?
-261
In base 4, what is 1 - -1322?
1323
In base 3, what is 12001 + 10?
12011
In base 3, what is -21220 - 2?
-21222
In base 2, what is -111100 - -1100?
-110000
In base 16, what is -2 + -7?
-9
In base 15, what is -19 + 2?
-17
In base 14, what is a + -9?
1
In base 15, what is 23 + 24?
47
In base 5, what is 21 + -440?
-414
In base 4, what is 120 - -13123?
13303
In base 15, what is 5a + 0?
5a
In base 2, what is -1 + -100111?
-101000
In base 3, what is -20 + 12012?
11222
In base 7, what is -321 + 13?
-305
In base 14, what is 0 - 33?
-33
In base 9, what is -7 + -64?
-72
In base 12, what is 3 - 37?
-34
In base 9, what is 13 + -101?
-77
In base 15, what is -c - 16?
-23
In base 15, what is -5 - -41a?
415
In base 2, what is -1110110 + 0?
-1110110
In base 10, what is 25 - -15?
40
In base 14, what is -3 - -61?
5c
In base 11, what is -295 + 2?
-293
In base 14, what is -3 - 2?
-5
In base 11, what is -2 + -192?
-194
In base 2, what is -1 - 100?
-101
In base 15, what is -d7b - 4?
-d80
In base 12, what is 5 + 3015?
301a
In base 3, what is -1010001 - 20?
-1010021
In base 8, what is -2 - 2024?
-2026
In base 13, what is -106 - -37?
-9c
In base 13, what is 0 - a1a?
-a1a
In base 9, what is 27 - 3?
24
In base 9, what is 108 - 2?
106
In base 5, what is -131 + 0?
-131
In base 16, what is 2 - e3?
-e1
In base 7, what is 4 - 204?
-200
In base 15, what is 16 + -12?
4
In base 11, what is 16 - -5?
20
In base 16, what is -2 - -ce?
cc
In base 4, what is -223 + -13?
-302
In base 13, what is -504 - 2?
-506
In base 3, what is -12 - -10020111?
10020022
In base 14, what is -56 - 3?
-59
In base 10, what is 28 + 44?
72
In base 3, what is 111 + 1102?
1220
In base 11, what is -5 - 1183?
-1188
In base 4, what is 2 - -2032?
2100
In base 4, what is -101 - -32?
-3
In base 6, what is 4 + 20?
24
In base 3, what is -1211121 + 2?
-1211112
In base 6, what is 23 - 1143?
-1120
In base 13, what is 956 + 1?
957
In base 7, what is -1 + 13455?
13454
In base 13, what is 1 + 27?
28
In base 11, what is 313 + 5?
318
In base 4, what is 1021023 + -1?
1021022
In base 8, what is -5 - -5073?
5066
In base 14, what is b1 - 5?
aa
In base 15, what is 2d0 - -3?
2d3
In base 2, what is -100100000 + -100?
-100100100
In base 8, what is 310 - 34?
254
In base 15, what is 0 + 1d0c?
1d0c
In base 4, what is -3 - -12?
3
In base 13, what is 3 - -66?
69
In base 6, what is -152 + -11?
-203
In base 2, what is -11011111011001 + 0?
-11011111011001
In base 14, what is 3 - 62c?
-629
In base 5, what is -2024 - -4?
-2020
In base 3, what is 122 + 210010?
210202
In base 5, what is 20202 + 1?
20203
In base 10, what is 0 + 422?
422
In base 9, what is -5 - 286?
-302
In base 7, what is -2054 - -4?
-2050
In base 10, what is 13731 - -3?
13734
In base 13, what is 8 - -12?
1a
In base 3, what is -110 - -112?
2
In base 4, what is 230 + 3?
233
In base 9, what is -5 + 165?
160
In base 2, what is -101011111 - 101101?
-110001100
In base 5, what is 32 - -12?
44
In base 10, what is -14 + 10?
-4
In base 9, what is 4 + 1340?
1344
In base 14, what is 3 + 2a?
2d
In base 14, what is -3 - -17d5?
17d2
In base 11, what is -5 - 27?
-31
In base 6, what is -124 + 2?
-122
In base 4, what is 20 - 1121?
-1101
In base 14, what is 573 - 0?
573
In base 15, what is -2 + -2ba9?
-2bab
In base 15, what is a - 197?
-18c
In base 6, what is 1340 - 0?
1340
In base 9, what is 76 - -4?
81
In base 16, what is 2 + -fa0?
-f9e
In base 11, what is 519 + 6?
524
In base 3, what is 11 + -10112?
-10101
In base 2, what is 10010 - 100001?
-1111
In base 10, what is 18 - 223?
-205
In base 4, what is -232 - 130?
-1022
In base 12, what is 21 - 0?
21
In base 13, what is -3 + c7a?
c77
In base 3, what is -1 + -110111?
-110112
In base 16, what is -39 - 3?
-3c
In base 14, what is -3 - -c4?
c1
In base 8, what is -11032 + 3?
-11027
In base 6, what is -2124 - -4?
-2120
In base 5, what is 42 + -22?
20
In base 7, what is -4 + 2410?
2403
In base 5, what is 0 - -10020?
10020
In base 5, what is 1 + 2341?
2342
In base 2, what is -101 + 1110001?
1101100
In base 2, what is -10011011000 - -101?
-10011010011
In base 16, what is -edd + 5?
-ed8
In base 6, what is 2430 + 12?
2442
In base 11, what is -12 + 46?
34
In base 14, what is -2 + 347?
345
In base 8, what is -3 + -12555?
-12560
In base 10, what is 1 + 29?
30
In base 2, what is 1 - 10110?
-10101
In base 3, what is -10 + -2112100?
-2112110
In base 9, what is 260 - -3?
263
In base 14, what is -5 - 30a?
-311
In base 12, what is 3461 - -4?
3465
In base 4, what is 2 + 212?
220
In base 16, what is 6 + -a3?
-9d
In base 9, what is -220 + -62?
-282
In base 4, what is -323 - -10?
-313
In base 2, what is 100 + 1001100000?
1001100100
In base 11, what is -5 - 965?
-96a
In base 7, what is 3 + -24?
-21
In base 6, what is -5 + -120?
-125
In base 2, what is 10 - -1011?
1101
In base 12, what is -12b - -2?
-129
In base 7, what is 24110 + -1?
24106
In base 16, what is 1a0 + 4?
1a4
In base 9, what is 735 - -3?
738
In base 13, what is -4 - 3c7?
-3cb
In base 10, what is -13 - 58?
-71
In base 8, what is 54 - 604?
-530
In base 5, what is -23223 - -2?
-23221
In base 15, what is 4 + -636?
-632
In base 6, what is -52 + -33?
-125
In base 13, what is 7c1 - -1?
7c2
In base 5, what is -130140 - 3?
-130143
In base 7, what is -2522 - -2?
-2520
In base 5, what is -240 + -42?
-332
In base 15, what is -2a2 + 2?
-2a0
In base 3, what is -1 + 102100?
102022
In base 11, what is -1 - 773?
-774
In base 4, what is 130 - -22012?
22202
In base 7, what is 1664 - -2?
1666
In base 2, what is 1011100001 + 1000?
1011101001
In base 3, what is -2 + 212221?
212212
In base 5, what is 1 - 141?
-140
In base 9, what is 5 + -531?
-525
In base 4, what is 20 - 3111?
-3031
In base 3, what is -2 + -11110100?
-11110102
In base 8, what i